 = -f. Let h = 1 - 2. Let p(u) = h*y(u) + 5*d(u). Calculate p(6).
1
Let m(b) = -4*b**2 - 20*b + 2. Let v be m(-5). Suppose -3*n - 3 = 0, -v*f - 3*n - n = 6. Let x(c) = 33*c + 1. Calculate x(f).
-32
Let l(r) = 0 + r**2 - 2 + 4 + 5*r. Let v = -59 - -92. Suppose v*x + 9 = 30*x. What is l(x)?
-4
Let k(u) = -18*u**2 - 17*u - u**3 + 36 + 55*u - 36*u. Determine k(-18).
0
Let g(d) = -3*d - 3. Suppose 12*q - 10*q = -26. Let n(m) = -m - 10. Let h be n(q). Suppose 5*w + h - 8 = 5*j, -6 = -2*j. Calculate g(w).
-15
Suppose -3*u + 9 = 3. Let v be -8 + 5 - u*(-10)/4. Let d(j) = -j**3 + j**2 + j - 2. Determine d(v).
-4
Let q(h) be the first derivative of -h**3/3 + 9*h**2/2 - 8*h + 12177. Determine q(5).
12
Let d(m) be the third derivative of m**6/120 - 2*m**5/15 + m**4/24 - 7*m**3/6 + 50*m**2. Let o be (-539)/(-33) + 4*1/6. Suppose 1 - o = -2*u. Determine d(u).
1
Let s be 5/((-2)/(-4)*(-34)/51). Let i(a) = -a**3 - 12*a**2 + 46*a + 12. Give i(s).
-3
Let j(i) = -i**2 - 2*i - 10. Let p(g) = -3*g - 44. Let w(d) = -j(d) + p(d). Determine w(7).
8
Let w = 1208 + -1187. Let u(v) = -v + 8. Calculate u(w).
-13
Let d(g) = g**2 + 9*g + 9. Let w(f) = f**2 + 20*f + 15. Let n be w(-19). Let v be (-48)/9 + n/18*3. Calculate d(v).
-9
Let k(c) be the first derivative of -6*c**2 + 31*c - 6067. Calculate k(3).
-5
Let y(p) be the first derivative of -p**4/4 - 14*p**3/3 + p**2 + 21*p + 940. What is y(-14)?
-7
Let a(o) = 916 - 2*o + 834 + o**2 - 1744 + 10*o. Calculate a(-2).
-6
Let s(f) = f**3 + 8*f**2 - 5*f - 6. Let h be 4*1/(((-20)/4)/5). Determine s(h).
78
Let z(k) = -k**3 - k**2 + 5*k + 1. Let m be z(0). Let h(u) = -3 - 3 - 8*u - u**2 + m - 4*u**2 + 4*u**2. Calculate h(-7).
2
Let y(x) = -2*x - 11 - 8 + 4 - 8. Let z = 30494 - 30508. What is y(z)?
5
Let n(b) = -5*b - 152. Let z be n(-29). Suppose 0 = -t - 2*r - 6, 0 = 2*t - 3*t - r - 2. Let l(h) = -8*h + 15*h + 10 - h**t + 2*h**2. What is l(z)?
10
Let c(k) = 2*k - 27. Let i(m) = 64*m**2 - 189*m + 4. Let o be i(3). Calculate c(o).
-1
Let y be -5 + 26 + 0 + (-12)/(-3). Suppose -6*s + 10 = -5*q - s, -5*s = -y. Let w(b) = -b**3 + 4*b**2 - 2*b - 2. What is w(q)?
1
Let c(l) = 2*l**3 - 1. Let y(z) = 9*z**3 + 6*z**2 - 8*z - 2. Let g(q) = -5*c(q) + y(q). Let v = -8 - -13. What is g(v)?
-12
Let p(j) = -10*j - 77. Let c be p(-8). Let l(d) = -3*d + 7*d**2 - c + 2*d + 0*d**2 - 8*d**2. What is l(4)?
-23
Let q(f) = 3*f - 72. Let j(i) = 491*i + 3470. Let a be j(-7). Give q(a).
27
Let o(l) be the first derivative of 23*l**2 - 236*l + 2254. Determine o(5).
-6
Let c(f) = -f. Let a(n) = -13*n - 26. Let g(v) = a(v) - 2*c(v). Calculate g(-4).
18
Suppose 5*a = -5*m + 10, -4 + 12 = 2*m - 2*a. Let x(y) = y**3 + 3*y**3 - 22*y - 4*y**2 + 13*y + 3 - 3*y**m. Give x(6).
21
Let f(s) = s**3 + 6*s**2 - 19*s + 5. Let j = 3454 + -3462. What is f(j)?
29
Let v = 17 - 12. Suppose -4*h + 46 = 5*w, 0 = -10*w + 14*w + 2*h - 32. Let f(c) = 9 - w - 2*c - v*c**2 + 0*c + 4*c**2. Calculate f(-4).
-5
Let s(p) = -350*p**2 + 5 + 349*p**2 + 5 - 3*p. Suppose 90 = -5*t - 13*t. Calculate s(t).
0
Suppose -2*s = -6*s - 4*f + 16, 5*s - 26 = f. Suppose -s*y = -2*y. Let b(l) = -1 + l**3 - l**2 - 76*l + 8 + 77*l. Give b(y).
7
Let y(p) = 10 + 21*p - 9 - 18*p. Suppose -s = 5*t + 24, 5*s + 4*t + 8 = -49. Calculate y(s).
-26
Let x(m) = -m - 2. Let d be (-1 - -1)*1/(-3). Suppose -5*i + 10*f = 11*f - 28, 4*i - 3*f - 30 = d. Give x(i).
-8
Let q(z) = 21*z**3 + 109430*z**2 + 13 - 22*z**3 + 13*z - 109432*z**2. Determine q(-4).
-7
Let g be 295/4 - 1572/2096. Let w(s) = -s**3 + 70*s**2 + 220*s - 84. Give w(g).
-11
Let v(l) = -3*l - 37. Let t be v(-13). Let q(a) = -298*a**3 + 15*a + 597*a**3 - 19*a**2 - 300*a**3 - 8 + 5*a**t. Give q(-15).
-8
Let l(w) = 4*w - 3007*w**2 - 2979*w**2 - 2 - 7*w + 6006*w**2. Determine l(-1).
21
Let t(w) = 7*w + 9. Let l = 101 - 103. Let s be t(l). Let g(h) = 2*h**2 + 5*h - 9. Calculate g(s).
16
Let f(v) be the first derivative of 1/3*v**3 - 4*v + 2 - v**2. Suppose 5*o = 2*w - 31, 24 - 8 = 2*w - 2*o. Give f(w).
-1
Let j(w) = -7*w + 48. Let s be 22/4 - 8/(-16). Let o be j(s). Let r(g) = -1 + o + 6 - g - 8. What is r(4)?
-1
Let c(s) = -5*s + 85. Let l = -2334 + 2351. Determine c(l).
0
Let m(j) = j**2 + 0*j**2 - 8*j - 2*j**2 - 6. Let i = 204 - 200. Suppose -2*x = -i*l - 24, l + 7*x + 6 = 8*x. What is m(l)?
6
Let o(n) = 134*n + 267. Let h be o(-2). Let m(z) = -22*z**2 - 3*z - 1. Let p(x) = 23*x**2 + 2*x + 1. Let i(b) = -2*m(b) - 3*p(b). Give i(h).
-26
Let o = 6 - 10. Let i(w) = -w + 5. Calculate i(o).
9
Let y(h) = 2*h + 4 - 2*h + 12*h - 3*h. Let f(t) = -29*t - 13. Let l(d) = 2*f(d) + 7*y(d). Determine l(-2).
-8
Let l(c) = -2 - 3*c**2 + 7*c**2 + 0*c**2 + 10*c - 3 - 5*c**2. Suppose 2*f = 4*z + 6, -2 = 2*f + 2*z - 32. Calculate l(f).
-16
Let t(g) be the first derivative of g**4/4 + 4*g**3/3 - 7*g**2/2 + 11*g + 2293. What is t(-6)?
-19
Let q be -4*(-10)/24*3. Let l(k) = -1 - 19*k**3 - 7*k**2 - q - 6*k + 18*k**3. Let c = -59 + 53. Give l(c).
-6
Let r be -1 + -1 + 1 - ((-728)/(-28) + -18). Let o(m) = 2*m**2 + 12*m - 8. Determine o(r).
46
Let i(k) = k**3 - 32*k**2 - k + 35. Let z be i(32). Let o(w) = 4*w**2 - w - 3. Let p(m) = -4*m**2 + 2*m + 5. Let r(x) = z*o(x) + 2*p(x). Determine r(-1).
4
Let k(n) be the first derivative of -2*n**3/3 - n**2 + n - 5. Suppose -w - 76 = -4*y - 0*y, 3*y + 3 = 0. Let d = w - -78. What is k(d)?
-3
Let s be -670 + 670 + 7*(-1)/(-1). Let k(t) = -12*t + 39. Determine k(s).
-45
Let v(w) be the first derivative of -3*w**2 + 3*w - 142. Calculate v(-3).
21
Let m(r) = 18*r - 12. Suppose -80*w + 135 = -53*w. Determine m(w).
78
Let d(v) = -109*v**3 + 4*v + 4. Let c(a) = -12*a + 983. Let m be c(82). Give d(m).
109
Let h(c) = -6175*c**2 - 24*c + 12351*c**2 + 66 - 6174*c**2. Determine h(7).
-4
Suppose -2*b - 12 = -4*b. Let j(r) be the first derivative of -r**4/12 + r**3/2 + 11*r**2/2 - 3. Let c(o) be the second derivative of j(o). Calculate c(b).
-9
Let a(p) = p**3 + 3*p**2 - 4*p + 1. Suppose -12*w + 6*w - 24 = 0. Let u be w/(-8)*2*32. Let z = u - 36. Determine a(z).
1
Let q be (4/30)/(8/600). Let k(z) = z**3 - 11*z**2 + 12*z - 24. Calculate k(q).
-4
Let d(k) = -4*k + 1. Suppose -52 = -2*p - a - 41, 0 = -p - 4*a + 23. Give d(p).
-11
Let q(j) = -5*j + 4*j - 2*j - 102*j**2 + 214*j**2 - 116*j**2 + j**3 + 1. Give q(4).
-11
Let d(t) = 28*t - 23. Let n be d(1). Let u(w) = -n*w - 7 + 8 - w + 5*w. Determine u(9).
-8
Let f(v) = 4*v**3 - 8*v**2 + 4*v + 2. Let p(i) = -5*i**3 + 9*i**2 - 4*i - 3. Suppose 0 = 104*z - 103*z + 5. Let y(g) = z*p(g) - 6*f(g). What is y(-4)?
3
Let q(y) = 59*y - 1115. Let t be q(19). Let k(c) = c**3 - 4*c**2 - 6*c - 12. What is k(t)?
24
Let w(g) = -g**2 - 4*g + 15. Let z be w(-5). Suppose 5*q = -5*l + 85, -2*q + 46 = 3*l + z. Let u(c) = c + 8 + 8 - q + 4*c. Determine u(1).
6
Let r be 1*6/2 - (-28 - -20). Let a(z) = 5*z - 2. Let t(g) = -14*g + 5. Let b(l) = r*a(l) + 4*t(l). Give b(-3).
1
Let k(r) = 3*r + 3. Let y(l) be the first derivative of -15*l**2/2 - 15*l + 33. Let x(w) = -24*k(w) - 5*y(w). What is x(-6)?
-15
Let l(q) = q**3 - 9*q**2 - 42*q + 49. Let v be l(-4). Let x(s) = -s + 5. Calculate x(v).
-4
Let k(t) = -7 - 5*t - 4060*t**2 - 8 + 4059*t**2. What is k(-6)?
-21
Let s(m) be the third derivative of -m**5/60 - m**3/6 - 2*m**2. Suppose 0 = 934*l - 956*l + 44. Give s(l).
-5
Let d(i) = -i**2 - 2*i + 1. Let t(f) be the first derivative of f**3/3 + 5*f**2 - f - 1. Let a = -14298 - -14299. Let j(y) = a*t(y) + 2*d(y). Determine j(4).
9
Let p(m) = 15*m - 193. Let n(d) = -5*d + 3. Let b(t) = -4*n(t) - p(t). Give b(-37).
-4
Let l(u) be the third derivative of u**6/120 + 13*u**5/60 - 3*u**4 - 25*u**3/6 + 14367*u**2. Calculate l(-17).
43
Let n(b) = 6*b**3 - 16*b**2 - 261*b - 29. Let z(j) = 5*j**3 - 16*j**2 - 209*j - 19. Let c(p) = 4*n(p) - 5*z(p). Let x(u) = 3*u - 2. Let r be x(6). What is c(r)?
-5
Let q(o) = 18*o + 1. Let f(v) = -158*v + 47. Let i(m) = f(m) + 8*q(m). Determine i(4).
-1
Let m(f) = -f**3 + f**2 + f + 4. Let o(i) = -3*i**3 - 3*i**2 + 8*i + 27. Let b(y) = 4*m(y) - o(y). Determine b(5).
19
Let u be 1 - 24/(-9)*-3. Let w(p) be the third derivative of -p**5/60 - 5*p**4/24 + 5*p**3/3 + 364*p**2. Determine w(u).
-4
Let u be 2/21 - (-2838)/(-693). Let j(g) be the first derivative of g**3/3 - g**2/2 - 5*g + 2. Determine j(u).
15
Let d(g) = g + g +